emainder when 2605 is divided by 38?
21
Calculate the remainder when 1272 is divided by 91.
89
What is the remainder when 166 is divided by 150?
16
Calculate the remainder when 207 is divided by 101.
5
What is the remainder when 342 is divided by 154?
34
Calculate the remainder when 1108 is divided by 37.
35
What is the remainder when 168 is divided by 29?
23
What is the remainder when 1580 is divided by 346?
196
What is the remainder when 18 is divided by 18?
0
Calculate the remainder when 8 is divided by 4.
0
Calculate the remainder when 726 is divided by 104.
102
Calculate the remainder when 236 is divided by 82.
72
What is the remainder when 333 is divided by 69?
57
Calculate the remainder when 53 is divided by 15.
8
What is the remainder when 74 is divided by 15?
14
Calculate the remainder when 360 is divided by 28.
24
Calculate the remainder when 163 is divided by 26.
7
Calculate the remainder when 1469 is divided by 363.
17
What is the remainder when 1590 is divided by 177?
174
Calculate the remainder when 1204 is divided by 207.
169
Calculate the remainder when 611 is divided by 41.
37
Calculate the remainder when 1299 is divided by 45.
39
Calculate the remainder when 106 is divided by 8.
2
What is the remainder when 400 is divided by 128?
16
What is the remainder when 38 is divided by 29?
9
What is the remainder when 808 is divided by 201?
4
Calculate the remainder when 1367 is divided by 78.
41
What is the remainder when 224 is divided by 15?
14
Calculate the remainder when 185 is divided by 42.
17
Calculate the remainder when 13293 is divided by 2215.
3
What is the remainder when 459 is divided by 90?
9
Calculate the remainder when 85 is divided by 44.
41
What is the remainder when 12178 is divided by 60?
58
Calculate the remainder when 4075 is divided by 151.
149
What is the remainder when 422 is divided by 9?
8
Calculate the remainder when 863 is divided by 9.
8
What is the remainder when 39 is divided by 10?
9
Calculate the remainder when 638 is divided by 149.
42
What is the remainder when 787 is divided by 109?
24
Calculate the remainder when 1386 is divided by 1382.
4
What is the remainder when 749 is divided by 50?
49
What is the remainder when 609 is divided by 34?
31
What is the remainder when 143 is divided by 49?
45
Calculate the remainder when 2684 is divided by 158.
156
Calculate the remainder when 2837 is divided by 71.
68
Calculate the remainder when 910 is divided by 6.
4
What is the remainder when 325 is divided by 10?
5
Calculate the remainder when 464 is divided by 152.
8
Calculate the remainder when 2259 is divided by 19.
17
Calculate the remainder when 78 is divided by 16.
14
Calculate the remainder when 1442 is divided by 51.
14
What is the remainder when 31 is divided by 7?
3
Calculate the remainder when 1298 is divided by 20.
18
What is the remainder when 503 is divided by 63?
62
Calculate the remainder when 152 is divided by 38.
0
Calculate the remainder when 602 is divided by 110.
52
Calculate the remainder when 215 is divided by 28.
19
Calculate the remainder when 873 is divided by 265.
78
What is the remainder when 19762 is divided by 9?
7
What is the remainder when 45 is divided by 3?
0
What is the remainder when 1201 is divided by 86?
83
What is the remainder when 51 is divided by 51?
0
Calculate the remainder when 834 is divided by 93.
90
What is the remainder when 173 is divided by 98?
75
What is the remainder when 1009 is divided by 22?
19
Calculate the remainder when 4036 is divided by 507.
487
Calculate the remainder when 49 is divided by 13.
10
Calculate the remainder when 1299 is divided by 52.
51
What is the remainder when 652 is divided by 86?
50
Calculate the remainder when 40 is divided by 17.
6
What is the remainder when 320 is divided by 88?
56
Calculate the remainder when 2567 is divided by 24.
23
What is the remainder when 707 is divided by 350?
7
Calculate the remainder when 87 is divided by 16.
7
What is the remainder when 2054 is divided by 103?
97
Calculate the remainder when 1370 is divided by 27.
20
What is the remainder when 270 is divided by 129?
12
What is the remainder when 267 is divided by 52?
7
What is the remainder when 358 is divided by 73?
66
What is the remainder when 236 is divided by 35?
26
What is the remainder when 3847 is divided by 41?
34
Calculate the remainder when 181 is divided by 14.
13
What is the remainder when 34 is divided by 3?
1
What is the remainder when 149 is divided by 26?
19
What is the remainder when 101 is divided by 25?
1
What is the remainder when 1001 is divided by 167?
166
What is the remainder when 2151 is divided by 2?
1
Calculate the remainder when 426 is divided by 9.
3
What is the remainder when 2330 is divided by 581?
6
What is the remainder when 49 is divided by 26?
23
What is the remainder when 520 is divided by 29?
27
Calculate the remainder when 7273 is divided by 97.
95
What is the remainder when 1718 is divided by 108?
98
What is the remainder when 554 is divided by 69?
2
Calculate the remainder when 207 is divided by 100.
7
Calculate the remainder when 1389 is divided by 345.
9
Calculate the remainder when 157 is divided by 28.
17
Calculate the remainder when 853 is divided by 83.
23
What is the remainder when 22 is divided by 4?
2
Calculate the remainder when 428 is divided by 111.
95
Calculate the remainder when 147 is divided by 51.
45
What is the remainder when 177 is divided by 20?
17
Calculate the remainder when 252 is divided by 32.
28
Calculate the remainder when 2552 is divided by 850.
2
Calculate the remainder when 3232 is divided by 53.
52
Calculate the remainder when 79 is divided by 20.
19
Calculate the remainder when 149 is divided by 19.
16
What is the remainder when 216 is divided by 21?
6
What is the remainder when 273 is divided by 20?
13
Calculate the remainder when 216 is divided by 66.
18
Calculate the remainder when 147 is divided by 25.
22
What is the remainder when 290 is divided by 45?
20
What is the remainder when 409 is divided by 9?
4
Calculate the remainder when 278 is divided by 94.
90
What is the remainder when 69 is divided by 9?
6
What is the remainder when 8702 is divided by 272?
270
What is the remainder when 2031 is divided by 55?
51
Calculate the remainder when 25 is divided by 20.
5
What is the remainder when 186 is divided by 60?
6
Calculate the remainder when 201 is divided by 6.
3
Calculate the remainder when 256 is divided by 114.
28
Calculate the remainder when 118 is divided by 15.
13
What is the remainder when 1725 is divided by 11?
9
Calculate the remainder when 110 is divided by 48.
14
Calculate the remainder when 3797 is divided by 190.
187
Calculate the remainder when 8253 is divided by 258.
255
What is the remainder when 332 is divided by 26?
20
Calculate the remainder when 441 is divided by 89.
85
Calculate the remainder when 464 is divided by 94.
88
Calculate the remainder when 9956 is divided by 26.
24
What is the remainder when 165 is divided by 28?
25
What is the remainder when 401 is divided by 98?
9
What is the remainder when 1935 is divided by 51?
48
Calculate the remainder when 353 is divided by 72.
65
What is the remainder when 177 is divided by 92?
85
What is the remainder when 270 is divided by 78?
36
What is the remainder when 311 is divided by 2?
1
Calculate the remainder when 36 is divided by 19.
17
Calculate the remainder when 142 is divided by 14.
2
What is the remainder when 44 is divided by 30?
14
What is the remainder when 23 is divided by 3?
2
What is the remainder when 7685 is divided by 11?
7
What is the remainder when 495 is divided by 29?
2
What is the remainder when 173 is divided by 35?
33
What is the remainder when 594 is divided by 557?
37
What is the remainder when 1030 is divided by 24?
22
Calculate the remainder when 409 is divided by 138.
133
What is the remainder when 4809 is divided by 43?
36
Calculate the remainder when 234 is divided by 43.
19
Calculate the remainder when 78 is divided by 15.
3
What is the remainder when 973 is divided by 406?
161
Calculate the remainder when 957 is divided by 107.
101
Calculate the remainder when 93 is divided by 7.
2
Calculate the remainder when 307 is divided by 6.
1
What is the remainder when 290 is divi